*2 + 3. Let b be q(-3). Suppose -2*f + b = -61. Let l = -4 + f. Is l a prime number?
False
Suppose -2*k - 237 = -5*k. Let q = -56 + k. Is q composite?
False
Suppose -2*c = -2*b + 51870, 27*b - 4*c = 26*b + 25929. Is b composite?
True
Let u be 20*-3*(-2)/(-8). Let x = u + 18. Suppose 0 = -5*j - x*m + 242, 6*m = 2*j + 4*m - 100. Is j composite?
True
Let o(j) = -4*j**3 + 3*j - 2. Let i be o(-3). Suppose -u + 21 + 9 = 0. Let g = i - u. Is g a prime number?
True
Suppose -21753 = -8*u - 2129. Suppose 13*o - 2*o - u = 0. Is o composite?
False
Suppose i + 3*b + 487 = 0, 224 = -i + 4*b - 228. Let m = 9 - i. Is m prime?
False
Let i(x) = x**2 + 6*x - 9. Let b be i(-7). Let z be ((-1)/b)/((-1)/(-2)). Suppose -24 = -p - z. Is p a composite number?
False
Suppose k = 3*k + 756. Let z(u) = -51*u**2 - 13*u + 15. Let m be z(2). Let s = m - k. Is s a composite number?
False
Let a = -12964 - -21561. Is a prime?
True
Suppose 2*m - 2 = 4*y + 4, -2*y + 9 = 3*m. Suppose m*t - 3*g - 30 = 0, 4*g = -3*t - 1 - 4. Suppose -4*r - 2073 = -p, -5469 = -t*p + 2*r + 4806. Is p composite?
False
Let x(k) = -k**2 - 12*k - 26. Let g be x(-8). Suppose -738 = b - g*b + 2*i, -4*b = 2*i - 576. Is b prime?
False
Suppose 4*a = 13280 + 45756. Is a a prime number?
True
Suppose 4*t - u = -6*u - 1808, -12 = 3*u. Let p = t - -901. Is p a prime number?
False
Is 14/(-7 + -49) + 37485/4 prime?
True
Suppose 32 = z + 5*o, z - 2*o - 52 = -4*z. Let s(a) = -z*a + 11*a + 6*a - 7. Is s(6) a composite number?
False
Let f(j) = -2468*j**3 - 3 + 243*j - 2*j**2 - 247*j - 922*j**3. Is f(-1) prime?
True
Is (-2)/(-6) + ((-4504400)/12)/(-10) a composite number?
False
Suppose 2*g + 386 = g. Let k = -135 - g. Is k a prime number?
True
Suppose -3*k - 3*y + 15 = 3, 8 = -4*k + 2*y. Let d be (-31)/(-4 - (k - 3)). Let h = d - 0. Is h composite?
False
Let b(i) = 31051*i**2 + 4*i - 4. Is b(1) composite?
False
Let a(l) = -l**3 - 5*l**2 - 4*l - 4. Let m be a(-3). Let j(y) = 14*y**2 + 3*y - 14. Let h be j(m). Let b = h + -869. Is b a composite number?
False
Let c(z) = -2*z**2 + 8*z + 3. Let v be c(7). Is (-60125)/v - 2/3 a prime number?
False
Let f = 15 + -65. Let g = -90 - f. Let c = 75 - g. Is c a composite number?
True
Let h = 15084 + -1991. Is h composite?
False
Let m(v) = 2*v**2 - 3*v - 3. Let g(s) = -5*s**2 + 5*s + 7. Let f(q) = -3*g(q) - 7*m(q). Let k be f(-6). Suppose k = -5*i + 1332 + 913. Is i prime?
True
Let c be 90 - (2/(-1) - -4). Let h(i) = 4*i**2 + 86*i - 7. Let j be h(-22). Let o = c - j. Is o composite?
True
Let w(x) = 29896*x**3 - 3*x + 4. Is w(1) a composite number?
True
Suppose -7734 = -4*h - 2*l, -2*h + 0*l + 3887 = 5*l. Let y = h + 30. Is y composite?
True
Suppose -5*y + 2*h = -415197, -2*y + 5*h - 21325 + 187387 = 0. Is y a composite number?
True
Suppose 3*z + 2*i = 64, -2*i + 18 = 4*z - 68. Let k be (4 + -1)/(5/25). Let r = z - k. Is r composite?
False
Is 1/(((-1)/14578)/(2/(-4))) prime?
False
Suppose -g = 5*w + 390, w + 5*g + 370 = -4*w. Let m be (-4)/(0 - (-14)/595). Let u = w - m. Is u prime?
False
Let o = 0 + 0. Suppose 0 = 5*r - 2*p + 118, -4*r - 76 = 3*p - 0. Let w = o - r. Is w a composite number?
True
Let x(w) = -46*w + 441. Is x(-52) composite?
False
Suppose -2*g + 4*k + 1814 = -0*g, -2*g = k - 1789. Suppose 3*c - 2677 = a, 0 = 3*c - 4*c - 2*a + g. Is c a composite number?
True
Suppose 8*t - 2800 = 7*t. Let f be ((-1)/2)/((-75)/36 + 2). Suppose -3*v + 2*m = -1683, -5*v - m + t = -f*m. Is v prime?
True
Suppose -k - 2*k = 0. Let r be 3 + 1 + (-2 - k). Suppose -6*y + 2*y = r*h - 406, h - 3*y = 208. Is h prime?
False
Is 2533/(4 + -4 - -1) a prime number?
False
Let i(j) = -3*j + 7. Let t(s) = 7*s - 13. Let o(y) = 5*i(y) + 2*t(y). Let r be o(9). Suppose 331 = k - r*k. Is k composite?
False
Let c(r) = r**3 - 16*r**2 + 16*r - 13. Let f be c(15). Let g be f/5 - 3718/(-55). Suppose 411 + g = n. Is n a composite number?
False
Let d(k) = -4*k - 6 + 13*k + 3*k + 26*k. Let m be d(10). Suppose m + 134 = 4*r. Is r composite?
False
Let o(u) = 3105*u**2 + 2. Is o(-1) prime?
False
Is ((-4)/(-3))/((-795709)/(-159141) - 5) a composite number?
False
Let q(l) = l**3 + 9*l**2 - 2*l - 13. Let k be q(-9). Suppose 0*o = k*h + 4*o - 1747, 0 = 3*h - 2*o - 1035. Is h a prime number?
True
Suppose 3*m = 1 - 4. Let g = 1 - m. Is 205 - 1*(4 - g) prime?
False
Let k be ((-10)/(-30))/(1/12). Suppose -3*f - 6213 + 568 = -4*g, 0 = k*g - 4*f - 5640. Is g prime?
False
Suppose 2*q - 1 = 9. Suppose 4*j + j = 15, 5*m = q*j + 35. Suppose 0 = 5*g - m - 165. Is g composite?
True
Let l(m) = m - 21. Let a be l(18). Is 4/24*-38*a composite?
False
Is 3/(-3) + -3 + (-72975)/(-15) a prime number?
True
Suppose 6*y = y. Let f = 174 - 171. Suppose y = f*j - j - 586. Is j composite?
False
Let u = -3 - -7. Suppose 3155 = h + u*h. Is h prime?
True
Let s(q) = -141*q + 76. Is s(-5) composite?
True
Let j = -38 - -40. Is j/(-1) + (0 - (-633 + 0)) a composite number?
False
Suppose 0 = -3*y + 1962 - 615. Let f = -241 + y. Let s = -125 + f. Is s prime?
True
Suppose -2*c - 4*d + 4930 = 1056, -2*c + 3*d = -3853. Is c composite?
False
Let t(g) = -86*g + 29. Let b be t(13). Let v = b - -1996. Is v a prime number?
True
Let h be ((-56)/35)/((-2)/10). Suppose c - h = -c. Let u(a) = a**2 - 2*a + 1. Is u(c) a composite number?
True
Suppose -i = -4*x - 11785, 0 = 4*i - 17*x + 12*x - 47118. Is i a prime number?
True
Let g(r) = 10665*r - 44. Is g(3) a composite number?
True
Suppose 0*b = 2*b + c - 188, 4*c = 3*b - 260. Let o = 66 + b. Is o prime?
False
Suppose -4*b + 3*y + 13211 = 0, -b - 12*y + 3319 = -16*y. Is b a prime number?
True
Let d = 256 - 72. Suppose 2*p = -p + 147. Suppose -d = -q + p. Is q a composite number?
False
Suppose 2454 = 2*g - 2*d - 7216, 0 = 2*g - d - 9666. Is g composite?
False
Let n(z) = z + 1. Let w be n(-1). Let r(f) = f + 2. Let i be r(w). Suppose -218 = -2*k + 5*d, -i*k - 6*d = -d - 258. Is k prime?
False
Let b be 18/4*64/24. Let z = b + -14. Let o(u) = -135*u - 1. Is o(z) prime?
True
Let z(i) = -11*i**3 - 12*i**2 + 37*i + 95. Is z(-18) a composite number?
False
Suppose 5*u + 5*f - 6*f = 1209, -2*f + 244 = u. Let s = u + 497. Is s a prime number?
True
Is 2076410/182 + -1 + (-15)/(-13) a prime number?
False
Is (-1)/((-2)/(-293)*6/(-12)) a prime number?
True
Let m be 2*-1*280/(-10). Is (1/2)/(4/m) prime?
True
Let q be (11 - -1971)*-2*(-2 + 1). Is (-1)/12*-3*q composite?
False
Let b be 0/(1 - 0) - (1 - 4). Suppose -2*w + 6*w = -c + 1273, -3*w = b*c - 3792. Is c prime?
False
Is 56920/24 - (-2)/(-3) a composite number?
False
Is ((-50)/(-15))/(-5) + 913672/24 composite?
False
Let f(o) = o + 7. Let q be f(-7). Suppose u - 2*z = -119 + 1019, 5*u - 4458 = -4*z. Is (q - 1)/((-3)/u) a prime number?
False
Let s(j) = j**3 + 2*j**2 - 16*j + 19631. Is s(0) composite?
True
Suppose -1989 + 363 = -6*m. Is m a prime number?
True
Let w = 13 - 9. Suppose -j - w*i = 54, 5*j - 3*i = i - 150. Let s = j + 69. Is s prime?
False
Let d(w) = -4583*w**3 + 3*w + 3. Is d(-1) prime?
True
Let x = -289 + 708. Let f = x - 292. Is f prime?
True
Is (-2 + 63244)*2/16*4 a composite number?
True
Suppose g = 5*c + 5, g - 2*c = -0*g + 2. Suppose -r + 4 + 333 = g. Is r prime?
True
Suppose 0 = -d - 2*d - 3*u - 1737, 3*u - 15 = 0. Is -1 + 1 + 2 - d composite?
True
Let q = 4592 - 2673. Is q composite?
True
Suppose -2*k = -5*v - 5784, -3*v = 4*k - 7604 - 3938. Is k prime?
True
Suppose 14*g - 9336 = 2*g. Is g a prime number?
False
Let q(y) = 4*y**2 - 3*y - 9. Let l be q(5). Is (11989/l)/(2/8) a composite number?
False
Let m = 86876 + -40413. Is m a composite number?
True
Let h be (7231/(-14))/(2/4). Let z = 1761 + h. Suppose y = 4*p - 1252, 4*p = 2*y + z + 520. Is p a prime number?
False
Let v(i) = 10*i**2 + 5*i + 14. Let b = -58 - -51. Is v(b) prime?
False
Suppose 15*z = 10*z + 18905. Is z prime?
False
Suppose 2*m + 4 - 2 = 0, i + 3*m = 2. Suppose i*q - 8071 = 12694. Is q a composite number?
False
Suppose 2*m + 650 = 4*q, -q + m + 190 - 25 = 0. Suppose -q = h + 4*h. Let x = h + 147. Is x a composite number?
True
Let w(g) = -g**3 - 26*g**2 - 62*g + 37. Is w(-36) a prime number?
False
Let z(h) = -h + 5. Let j be z(4). Let g = 125 + -89. Is (-88 + j)*(-24)/g a prime number?
False
Let i(p) = 4*p**2 - 2*p + 2. Let d be i(1). Suppose 4*f = -d + 16, -3*g = -2*f - 2007. Is g prime?
False
L